at are the prime factors of 158137/(-38)*(-40)/28?
5, 29, 41
Suppose 2*y - 5*b - 7 = -112, 0 = -y + b - 51. List the prime factors of y/(-2)*((-728)/(-20) - 2).
2, 5, 43
Let i be (-9)/((-54)/12) + 209 + -4. Suppose -14*y + 1453 - i = 0. What are the prime factors of y?
89
Let w(i) be the second derivative of i**5/20 - 2*i**4/3 + 7*i**3/6 + 7*i**2/2 - i. Let t be w(7). Let s(p) = 2*p**2 - p + 1. What are the prime factors of s(t)?
2, 23
Let j(r) = 593*r - 2088. List the prime factors of j(23).
11551
Let n = -743 + 1323. Suppose 3*i - n = 995. List the prime factors of i.
3, 5, 7
Suppose 5*f + 162 = 57. Let o(l) = -l**3 - 18*l**2 + 24*l - 11. List the prime factors of o(f).
2, 101
Suppose 0 = -0*a - 15*a - 420. List the prime factors of (-27256)/a + ((-18)/42 - -1).
2, 487
Let d = 150 + -145. Suppose -2*j - d*g = -439, 5*g - 903 = -4*j - 0*g. What are the prime factors of j?
2, 29
Let s be 0 - (2/(-1))/((-4)/(-16)). Suppose -16328 = -5*f - s*f. Suppose 7*i + f = 11*i. What are the prime factors of i?
2, 157
Let b(r) = -17*r + 173. List the prime factors of b(10).
3
Let v(x) = 4*x + 70. Let j be v(-17). Let l(r) = 30*r + 36. List the prime factors of l(j).
2, 3
Suppose 100*u - 2495773 = -793673. List the prime factors of u.
17021
Suppose 1 = n - i - 3, 14 = 5*n + i. Let g be -3 + 0 + 27/n. Suppose 605 = -g*q + 11*q. List the prime factors of q.
11
Let c = -324 - -728. Suppose 23*v = 21*v + c. What are the prime factors of v?
2, 101
Let x be 79*(6/(-18))/(2/(-6)). Suppose -14*s = -x + 9. Suppose -586 = -s*k + 494. List the prime factors of k.
2, 3
Let r = 35033 + -19342. List the prime factors of r.
13, 17, 71
Suppose -16*u + 1406772 = -9*u + 39*u. What are the prime factors of u?
2, 3, 1699
Suppose 231*v - 232*v - w + 27147 = 0, -5*v + 2*w + 135700 = 0. What are the prime factors of v?
2, 41, 331
Let q(a) = -a**3 - 37*a**2 - 47*a + 56. Suppose z = 5*r + 2*z + 180, -144 = 4*r + 4*z. What are the prime factors of q(r)?
2, 113
Suppose -c + 513081 = 509373. List the prime factors of c.
2, 3, 103
Suppose 0*q = 3*f + 3*q, 0 = -5*f - 2*q. Let s(b) = -2*b + 8. Let p be s(f). Suppose 477 = 5*i - x, 0 = -3*i + 5*x + 303 - p. List the prime factors of i.
5, 19
Suppose -4*u = c - 1008, 5*c - 7870 = -4*u - 2862. Suppose -292 = 4*s - c. What are the prime factors of s?
3, 59
Let m = 268 + -141. Suppose -3*j = -108 + 3. Let c = m - j. What are the prime factors of c?
2, 23
Let p = -1073 - -2161. Suppose -3*d + p = -112. Suppose 20*q - d = 16*q. What are the prime factors of q?
2, 5
Suppose 49665 = 5*m - 5*o, 39730 = 4*m - 78*o + 75*o. List the prime factors of m.
9931
Let z(d) = -d**3 - 28*d**2 - 62*d - 49. Let v be z(-26). Suppose -207*o + v*o - 208 = 0. List the prime factors of o.
2, 13
Suppose 5 = -s - 4*n, -2*n + 2 = 3*s - s. Let t = -20 + 44. What are the prime factors of (s*-31)/(t/(-64))?
2, 31
What are the prime factors of 2/(200/3420)*505*1?
3, 19, 101
Suppose -3*d - 65 = -5*h + 81, 32 = h - 2*d. Let t = 25 - h. What are the prime factors of t/(-12) + (6765/12)/5?
113
Suppose 31*n - 23*n + 40 = 0. What are the prime factors of 47 + 2*(n + 3)?
43
Let i(u) = -2*u**2 + 13*u - 4. Let f be i(7). Let t(w) = 6*w**2 + 17*w - 20. What are the prime factors of t(f)?
3, 173
Suppose 4*u = -2*s + u + 1, 2*s = 2*u + 16. Suppose 25 = 5*m, -5*b + m = s*m - 825. What are the prime factors of b?
7, 23
Let h(d) = 891*d**2 + 191*d - 2. List the prime factors of h(3).
2, 5, 859
Let a = -12083 - -19450. What are the prime factors of a?
53, 139
Let j be (-107538)/(-36) - (-10)/12. Suppose -6*o + j = -4122. What are the prime factors of o?
3, 5, 79
Let g be ((-2 - 1 - -1)/2)/1. Let x be (-70 - -11)*(1 - 0)*g. Let m = 82 - x. What are the prime factors of m?
23
Let y = 8029 + 36153. What are the prime factors of y?
2, 22091
Let v = 280 + -84. Let t = v - 68. What are the prime factors of t?
2
Suppose -6 = -o - o. What are the prime factors of (o - 2)*(812 - -11)?
823
Let z be -15*2*(-2)/6. Let l = -5074 - -5069. What are the prime factors of 6/z - l/((-100)/(-828))?
2, 3, 7
Let x(y) = 4*y**2 + 21*y - 16. Let f be x(-6). Suppose -f*l + 704 - 506 = 0. List the prime factors of l.
3, 11
Let v = 14 + -14. Suppose v = -m - 4*m + 25, -4*n - 1388 = 4*m. List the prime factors of (n/12)/((-2)/6).
2, 11
Suppose -6*s + 7*s - 3*h = 24563, -5*h = -5*s + 122825. List the prime factors of s.
2, 71, 173
Suppose 475 = 13*u - 8*u. Let l = -55 - u. Let b = l - -286. What are the prime factors of b?
2, 17
Suppose 2*m = -2, 3*b - 2*m - 365 = 3*m. Suppose 70 = -5*x + 100. Let k = b + x. What are the prime factors of k?
2, 3, 7
Let z(r) = r**3 + 3*r**2 - 4*r + 5. Let c be z(-4). Suppose m - 1378 = -c*o + 2*m, 0 = -m + 2. What are the prime factors of o?
2, 3, 23
Let p be (-14)/(-7)*26/(-4). Let t(w) = -w**3 - 13*w**2 + w + 16. Let f be t(p). Suppose 26 = b - 5*n + f*n, 2 = 2*n. What are the prime factors of b?
2, 7
Let u = -44188 - -78716. List the prime factors of u.
2, 13, 83
List the prime factors of ((-14472)/(-84))/(3/378).
2, 3, 67
Let q(d) = 7*d**2 - 5*d - 9. Let w(l) = -2*l**2 + 7. Let r be w(7). Let c = r + 96. List the prime factors of q(c).
3, 47
Suppose 5*j = 18*j - 2392. What are the prime factors of (-3)/2*j*4/(-24)?
2, 23
Suppose 467 = 4*k - 637. Suppose k = p - 617. What are the prime factors of p?
19, 47
Let u(h) = -h**3 - 27*h**2 + 40*h - 48. Let j be u(-25). What are the prime factors of (j/(-8))/(7/4 + -1)?
383
Suppose -4*w = w - 10. Let c = 2944 - 2942. What are the prime factors of 28/w + (1 - c)?
13
Suppose 63218 = 5*c + 2*w, 2*c + 3*c - 4*w - 63254 = 0. What are the prime factors of c?
2, 6323
Let w = 1697 - 817. List the prime factors of 2 + (-2)/(-1) + w.
2, 13, 17
Let r = 605 + -632. Let k(u) = -u**3 - 26*u**2 - 2*u - 36. List the prime factors of k(r).
3, 83
Suppose -3*l = -q + 53605, 5*q - 267953 = -203*l + 206*l. What are the prime factors of q?
41, 1307
Let i(x) = -442*x + 183. Let f be i(-4). Suppose 1665 + f = 8*c. List the prime factors of c.
2, 113
Suppose -3*m = -41527 - 7853. Suppose -11*y - m = -31*y. What are the prime factors of y?
823
Suppose -2499 = 5*u - 3*y, 2*y + 514 - 9 = -u. Let i = 953 + u. List the prime factors of i.
2, 113
List the prime factors of ((-176)/(-220))/(1/7440).
2, 3, 31
Let m(k) = -k**3 + 5*k**2 + 3*k + 2. Suppose 9 = 3*z - 4*z. Let p(o) = 2*o**2 + 17*o - 12. Let b be p(z). What are the prime factors of m(b)?
5, 13
Let u(o) = 2*o + 12. Suppose 13*w = 11*w + 8. Suppose 5*i - 7 = w*t + 13, i - 10 = 2*t. List the prime factors of u(t).
2
Let u = 179 - 85. Suppose -5*q = h - u, h - 200 = -h - 4*q. Suppose 5*d - 362 = -a, -2*d - 5*a = h - 258. List the prime factors of d.
2, 3
Let x be 10/(((-6)/(-3))/(1 - -6)). Suppose 0 = 7*o - 7 - x. Let h(a) = 2*a**3 - 7*a**2 - 6*a + 1. What are the prime factors of h(o)?
5, 29
Suppose 0 = 5*b + 3*s + 159, 2*s = 2*b - s + 72. Let h be (-420)/(-18)*(-36)/15. Let v = b - h. List the prime factors of v.
23
Let u(i) = 52*i**2 + 6*i + 5. Let g be u(5). Suppose k = -2*o + 902, 3*o + 0*k = 3*k + g. What are the prime factors of o?
449
Suppose -146*y + 51310 = -132*y. List the prime factors of y.
5, 733
Let v(a) be the second derivative of -5*a**3/3 + a**2/2 - 17*a. Let c be v(1). Let f = 42 + c. List the prime factors of f.
3, 11
What are the prime factors of (-147012)/(-24)*(2 - 5)*(-28)/42?
12251
Suppose -w + 70 = 2*j - 284, -2*w + 4 = 0. Let t = 325 - j. What are the prime factors of t?
149
Suppose 0 = c + 3*c. Suppose 6*z - 5*z = c. Suppose -2*u + 2*p + 20 = z, 5*u + 6*p - 70 = p. What are the prime factors of u?
2, 3
Suppose f + 2*f = 5*u - 5, 3*f + 5*u - 35 = 0. Let y be (-7 + f)/2*-61. Suppose -t + 104 = -y. List the prime factors of t.
3, 5, 11
Let w(j) = j**3 + j**2 - 4*j + 2. Let m be w(-3). What are the prime factors of (-3)/m*(-287128)/(-114)?
1889
Let y be 492 + (0 - (-4 - -5)). Let q = y - 62. What are the prime factors of q?
3, 11, 13
Suppose -119*r = -0*r - 2*r - 2409849. List the prime factors of r.
43, 479
Suppose 47*r + 4*s = 48*r - 15081, 0 = -4*r + 2*s + 60212. List the prime factors of r.
101, 149
Suppose -27 - 24 = -17*z. Suppose z*r - r = -2*j + 652, -r = -5*j + 1612. What are the prime factors of j?
17, 19
Let o = -100 + 145. Suppose d - 4*d = -o. What are the prime factors of ((